
30 (base 6) to base 5
33
What is -2 (base 9) in base 14?
-2
Convert 1 (base 6) to base 14.
1
-13 (base 10) to base 4
-31
What is -4 (base 11) in base 7?
-4
224 (base 8) to base 4
2110
Convert -1001101 (base 2) to base 7.
-140
Convert 3 (base 12) to base 8.
3
Convert 2 (base 11) to base 16.
2
-16 (base 10) to base 2
-10000
-58 (base 14) to base 16
-4e
-a0 (base 14) to base 9
-165
Convert 2120 (base 3) to base 4.
1011
-1 (base 6) to base 5
-1
-6 (base 8) to base 2
-110
Convert 120 (base 6) to base 10.
48
Convert -23 (base 15) to base 4.
-201
-142 (base 9) to base 6
-315
-46 (base 9) to base 2
-101010
Convert 68 (base 14) to base 13.
71
Convert 446 (base 7) to base 5.
1410
Convert -40 (base 6) to base 16.
-18
32 (base 13) to base 2
101001
Convert 2 (base 8) to base 11.
2
What is -2 (base 4) in base 3?
-2
Convert -122 (base 3) to base 6.
-25
What is d (base 14) in base 7?
16
What is -3 (base 5) in base 15?
-3
Convert -2 (base 4) to base 9.
-2
What is 4 (base 5) in base 16?
4
Convert 3 (base 11) to base 13.
3
What is -110 (base 3) in base 6?
-20
4f (base 16) to base 5
304
-1 (base 13) to base 3
-1
Convert -2 (base 14) to base 6.
-2
What is -6 (base 12) in base 13?
-6
Convert -23 (base 16) to base 12.
-2b
Convert 3 (base 13) to base 11.
3
-25 (base 10) to base 5
-100
What is 100 (base 2) in base 9?
4
Convert -78 (base 12) to base 4.
-1130
142 (base 6) to base 3
2022
-47 (base 9) to base 8
-53
What is 0 (base 5) in base 15?
0
-2 (base 14) to base 15
-2
Convert 100100 (base 2) to base 7.
51
Convert 8b (base 16) to base 3.
12011
Convert b (base 14) to base 8.
13
What is 10 (base 2) in base 10?
2
7 (base 14) to base 7
10
Convert -3 (base 9) to base 3.
-10
Convert 110 (base 3) to base 2.
1100
Convert -311 (base 4) to base 11.
-49
-3 (base 11) to base 9
-3
What is -4 (base 9) in base 15?
-4
Convert 10112 (base 3) to base 6.
235
Convert 100100000 (base 2) to base 10.
288
What is -1 (base 4) in base 13?
-1
-b (base 15) to base 5
-21
What is 232 (base 8) in base 15?
a4
What is 121 (base 3) in base 10?
16
Convert -89 (base 10) to base 8.
-131
-152 (base 6) to base 12
-58
Convert 85 (base 10) to base 9.
104
What is -5e (base 15) in base 2?
-1011001
Convert -4 (base 14) to base 2.
-100
What is 1 (base 3) in base 15?
1
-1000 (base 2) to base 9
-8
What is 10 (base 2) in base 7?
2
1 (base 16) to base 12
1
-11 (base 8) to base 7
-12
Convert -3 (base 9) to base 13.
-3
Convert -4 (base 8) to base 16.
-4
What is -27 (base 9) in base 8?
-31
Convert 41 (base 13) to base 12.
45
14 (base 16) to base 15
15
What is -3d (base 15) in base 5?
-213
What is 1210 (base 5) in base 12?
130
1112 (base 3) to base 6
105
Convert -230 (base 8) to base 10.
-152
120 (base 3) to base 6
23
Convert 100 (base 2) to base 14.
4
42 (base 14) to base 6
134
Convert -20 (base 4) to base 5.
-13
What is -32 (base 9) in base 3?
-1002
Convert -1 (base 8) to base 16.
-1
What is 0 (base 4) in base 16?
0
Convert 3 (base 9) to base 12.
3
Convert -1 (base 5) to base 2.
-1
What is -15 (base 6) in base 12?
-b
What is 4 (base 14) in base 9?
4
What is -68 (base 10) in base 13?
-53
What is -64 (base 9) in base 12?
-4a
What is 260 (base 8) in base 4?
2300
What is 31 (base 10) in base 7?
43
Convert -100221 (base 3) to base 8.
-414
21 (base 5) to base 3
102
4 (base 7) to base 2
100
Convert 2 (base 10) to base 4.
2
What is -261 (base 8) in base 2?
-10110001
17 (base 10) to base 12
15
Convert 51 (base 9) to base 11.
42
-4 (base 8) to base 7
-4
-1110110 (base 2) to base 8
-166
1 (base 13) to base 9
1
Convert -22 (base 9) to base 3.
-202
Convert -3a (base 11) to base 4.
-223
0 (base 12) to base 6
0
Convert 3 (base 8) to base 16.
3
What is -24 (base 7) in base 9?
-20
Convert 10 (base 4) to base 6.
4
What is 121 (base 5) in base 10?
36
What is 5 (base 15) in base 14?
5
Convert -100 (base 2) to base 3.
-11
Convert -11 (base 12) to base 8.
-15
Convert -b2 (base 12) to base 3.
-11222
What is -29 (base 11) in base 15?
-21
-252 (base 7) to base 4
-2013
Convert 6 (base 9) to base 15.
6
What is -3e (base 15) in base 16?
-3b
16 (base 10) to base 13
13
0 (base 10) to base 5
0
What is -5 (base 10) in base 11?
-5
What is -1 (base 9) in base 13?
-1
What is 10 (base 6) in base 16?
6
20 (base 8) to base 9
17
What is 6a (base 14) in base 10?
94
What is 10 (base 10) in base 4?
22
What is -28 (base 11) in base 13?
-24
Convert -112 (base 4) to base 6.
-34
What is a4 (base 13) in base 6?
342
What is 3 (base 8) in base 16?
3
Convert -29 (base 11) to base 4.
-133
102 (base 3) to base 10
11
Convert 10 (base 6) to base 2.
110
What is -4b (base 12) in base 14?
-43
-96 (base 15) to base 12
-b9
What is -1 (base 16) in base 10?
-1
Convert 133 (base 5) to base 6.
111
What is 5 (base 11) in base 2?
101
Convert -133 (base 4) to base 14.
-23
What is 83 (base 13) in base 7?
212
-5 (base 12) to base 4
-11
What is 1000 (base 2) in base 12?
8
Convert -36 (base 9) to base 2.
-100001
-4 (base 13) to base 16
-4
20 (base 13) to base 8
32
Convert -24 (base 7) to base 9.
-20
What is -3 (base 7) in base 16?
-3
What is -6a (base 12) in base 15?
-57
3 (base 15) to base 10
3
-b1 (base 14) to base 16
-9b
What is 1 (base 13) in base 8?
1
2 (base 15) to base 4
2
What is -c (base 15) in base 16?
-c
What is -81 (base 16) in base 6?
-333
Convert 1 (base 13) to base 15.
1
Convert -18 (base 13) to base 7.
-30
What is 3 (base 13) in base 16?
3
1 (base 6) to base 8
1
What is 3 (base 16) in base 2?
11
Convert 23 (base 8) to base 14.
15
Convert 3 (base 5) to base 2.
11
3 (base 8) to base 5
3
What is 1433 (base 6) in base 3?
112010
Convert 4 (base 13) to base 6.
4
1 (base 15) to base 3
1
What is -2 (base 13) in base 7?
-2
-11 (base 9) to base 7
-13
-11 (base 9) to base 7
-13
Convert 4 (base 16) to base 4.
10
12a (base 13) to base 5
1310
What is -204 (base 8) in base 5?
-1012
-21 (base 3) to base 15
-7
Convert 59 (base 10) to base 13.
47
17 (base 10) to base 9
18
Convert 0 (base 11) to base 8.
0
2 (base 15) to base 5
2
3 (base 14) to base 16
3
-5 (base 10) to base 6
-5
-35 (base 7) to base 12
-22
What is 7 (base 14) in base 3?
21
2 (base 3) to base 14
2
5 (base 16) to base 10
5
60 (base 10) to base 9
66
What is 10 (base 4) in base 3?
11
What is -10 (base 2) in base 8?
-2
Convert -3 (base 5) to base 8.
-3
What is 17 (base 14) in base 3?
210
-211 (base 3) to base 4
-112
Convert 1 (base 3) to base 6.
1
What is 0 (base 16) in base 3?
0
-305 (base 8) to base 15
-d2
-1 (base 15) to base 2
-1
220 (base 3) to base 4
120
-9b (base 15) to base 14
-a6
Convert -20111 (base 3) to base 15.
-ba
What is -20 (base 4) in base 13?
-8
Convert -11011000 (base 2) to base 12.
-160
What is 43 (base 14) in base 8?
73
-10 (base 7) to base 9
-7
0 (base 8) to base 2
0
12b (base 13) to base 8
316
Convert -81 (base 10) to base 15.
-56
-5 (base 11) to base 6
-5
a5 (base 12) to base 7
236
What is -28 (base 15) in base 5?
-123
What is 1000 (base 2) in base 12?
8
4 (base 10) to base 5
4
Convert -43 (base 6) to base 3.
-1000
-1b (base 12) to base 9
-25
What is -3 (base 6) in base 2?
-11
Convert -269 (base 10) to base 9.
-328
What is 220 (base 3) in base 13?
1b
Convert -21 (base 5) to base 6.
-15
What is 4 (base 7) in base 10?
4
Convert -1 (base 5) to base 12.
-1
Convert -2001 (base 3) to base 11.
-50
12 (base 4) to base 8
6
Convert -320 (base 4) to base 3.
-2002
What is -37 (base 9) in base 8?
-42
4 (base 16) to base 3
11
What is -3 (base 4) in base 13?
-3
101 (base 2) to base 14
5
Convert -db (base 16) to base 10.
-219
46 (base 12) to base 16
36
Convert -21 (base 16) to base 7.
-45
What is 2 (base 13) in base 11?
2
What is -4 (base 9) in base 2?
-100
133 (base 5) to base 2
101011
-6 (base 16) to base 15
-6
Convert 1011 (base 2) to base 9.
12
Convert -3 (base 10) to base 13.
-3
What is 7 (base 8) in base 15?
7
What is 3 (base 7) in base 11?
3
Convert -33 (base 10) to base 13.
-27
11 (base 2) to base 15
3
What is 3d (base 16) in base 14?
45
What is 4 (base 13) in base 14?
4
What is 0 (base 7) in base 8?
0
10 (base 3) to base 10
3
What is -5 (base 14) in base 9?
-5
Convert -202 (base 9) to base 11.
-13a
13 (base 13) to base 14
12
Convert 27 (base 15) to base 2.
100101
10 (base 7) to base 8
7
Convert 3 (base 16) to base 11.
3
16 (base 13) to base 8
23
Convert 17 (base 12) to base 7.
25
-2 (base 8) to base 13
-